0459.
427
What is the greatest common divisor of 130228 and 5343999?
4651
What is the greatest common factor of 110 and 152195?
5
What is the greatest common divisor of 170839017 and 27?
27
Calculate the greatest common divisor of 5472 and 66000.
48
Calculate the greatest common factor of 5184 and 356744736.
2592
What is the highest common factor of 26844080 and 5?
5
What is the greatest common divisor of 1885707 and 216?
27
Calculate the greatest common divisor of 148 and 723016.
4
Calculate the highest common divisor of 36078108 and 415.
83
Calculate the highest common divisor of 108100140 and 60.
60
Calculate the greatest common divisor of 280845 and 485145.
45
Calculate the highest common factor of 15027100 and 28041.
719
What is the highest common factor of 1211 and 10067216?
173
Calculate the highest common factor of 925221464 and 136.
136
What is the greatest common factor of 183294 and 14571?
9
What is the highest common divisor of 3378949 and 4935?
7
What is the highest common divisor of 109102257 and 8965?
1793
What is the greatest common divisor of 408 and 18286254?
102
What is the greatest common factor of 5919046 and 6762?
14
Calculate the greatest common factor of 12834218 and 4.
2
Calculate the greatest common divisor of 2254 and 89814011.
1127
What is the highest common divisor of 6413 and 527032?
583
What is the highest common factor of 148 and 85256362?
74
What is the highest common factor of 17872 and 69840?
16
Calculate the highest common factor of 3399790 and 230.
10
Calculate the highest common divisor of 3298 and 15232.
34
What is the highest common divisor of 24 and 23175816?
24
Calculate the greatest common divisor of 54 and 2122227.
27
What is the highest common factor of 72 and 1510428?
12
Calculate the highest common divisor of 12313736 and 32.
8
What is the greatest common factor of 8922087 and 27?
9
Calculate the greatest common factor of 84 and 14702676.
12
Calculate the greatest common factor of 602126 and 6818.
14
Calculate the greatest common factor of 132 and 5478429.
33
Calculate the highest common factor of 24 and 3092024.
8
Calculate the highest common divisor of 6362568 and 74328.
456
Calculate the greatest common divisor of 840804 and 2082.
6
Calculate the highest common factor of 200728 and 51614468.
9124
What is the highest common divisor of 349116 and 7332?
564
What is the highest common factor of 23073082 and 2?
2
What is the highest common divisor of 3291510 and 60?
30
What is the greatest common divisor of 182640832 and 122?
122
Calculate the highest common factor of 24 and 9011464.
8
Calculate the greatest common divisor of 10 and 115234165.
5
Calculate the highest common divisor of 64390 and 11360.
10
Calculate the greatest common divisor of 852020 and 67570.
290
Calculate the highest common divisor of 236160209 and 85.
17
Calculate the greatest common divisor of 131816528 and 304.
304
What is the greatest common factor of 39303 and 8811?
99
What is the highest common divisor of 15549600 and 8200?
200
Calculate the greatest common factor of 4223888 and 1484.
212
What is the highest common factor of 60877928 and 4842?
538
What is the highest common divisor of 25288 and 160312?
232
Calculate the highest common factor of 422889 and 2336.
73
What is the highest common divisor of 27542958 and 102?
102
What is the greatest common divisor of 10367430 and 1050?
30
What is the greatest common divisor of 907730 and 7785368?
4222
What is the greatest common factor of 2007722 and 107803?
67
Calculate the highest common divisor of 7120 and 57840.
80
Calculate the greatest common divisor of 2194370 and 85.
5
What is the greatest common divisor of 663 and 1064557?
221
Calculate the highest common divisor of 1119618 and 2034.
18
What is the greatest common divisor of 96333 and 193257?
591
Calculate the greatest common factor of 3619715 and 3255.
155
Calculate the greatest common factor of 141723 and 2166561.
783
What is the highest common divisor of 87303708 and 4104?
684
Calculate the highest common factor of 116493 and 36977.
103
What is the greatest common divisor of 744178 and 39253148?
8966
What is the greatest common divisor of 226 and 17126506?
226
Calculate the greatest common divisor of 29984 and 344216.
8
What is the highest common factor of 196 and 69749687?
49
Calculate the highest common divisor of 16192909 and 123.
41
Calculate the highest common divisor of 7 and 1040323.
1
What is the highest common divisor of 608 and 97826528?
32
What is the greatest common divisor of 225167349 and 33?
33
Calculate the highest common factor of 16872 and 7386.
6
What is the greatest common factor of 3726 and 57654192?
138
What is the greatest common factor of 5976742 and 172?
86
Calculate the greatest common factor of 100183685 and 2205.
245
What is the highest common divisor of 4150 and 4905975?
25
Calculate the highest common divisor of 148662 and 37044.
54
Calculate the greatest common divisor of 17584256 and 119680.
2176
What is the highest common factor of 177674 and 3624187?
1813
What is the highest common factor of 494 and 2406742?
26
Calculate the highest common factor of 612093246 and 723.
723
What is the greatest common factor of 140 and 1484180?
20
Calculate the greatest common divisor of 205859 and 10367.
1481
What is the highest common divisor of 885 and 62054430?
885
What is the highest common divisor of 160679211 and 462?
231
What is the greatest common divisor of 575330 and 56?
14
Calculate the greatest common factor of 3605 and 81299239.
721
What is the highest common divisor of 997 and 30614879?
997
Calculate the highest common divisor of 83927 and 3115.
89
What is the highest common divisor of 262771 and 1491?
71
What is the highest common factor of 66887082 and 1863?
207
Calculate the highest common factor of 8242 and 15565017.
4121
Calculate the highest common divisor of 11 and 1613152838.
11
Calculate the greatest common factor of 10989 and 27927933.
1221
What is the greatest common factor of 17388 and 260337483?
4347
Calculate the greatest common divisor of 1331053 and 2121200.
5303
What is the highest common factor of 2486356 and 11072?
692
Calculate the greatest common divisor of 2050068 and 336.
12
What is the greatest common factor of 124 and 118752630?
62
What is the highest common divisor of 60 and 18499695?
15
What is the highest common factor of 33787616 and 36?
4
What is the greatest common factor of 160167 and 2241023?
263
Calculate the highest common factor of 1242 and 3580983.
27
Calculate the greatest common divisor of 2532144 and 62196.
852
What is the highest common factor of 114210 and 18610?
10
Calculate the highest common divisor of 4275 and 3876399.
171
What is the highest common divisor of 5274 and 182232?
18
What is the greatest common divisor of 1551583 and 6413?
121
Calculate the greatest common divisor of 854 and 553406.
14
What is the greatest common divisor of 129 and 70555733?
43
Calculate the greatest common divisor of 1004892 and 882.
294
What is the greatest common factor of 5571590 and 3100?
10
What is the highest common factor of 112518 and 24318?
126
Calculate the highest common divisor of 27848375 and 1175.
25
What is the highest common factor of 11360 and 2792288?
2272
What is the greatest common divisor of 9585760 and 480?
160
What is the highest common factor of 195718962 and 247?
19
What is the greatest common factor of 18648600 and 3?
3
Calculate the highest common factor of 184505 and 4955.
5
What is the greatest common factor of 68628090 and 552?
138
What is the greatest common divisor of 9538900 and 81550?
350
What is the highest common factor of 12443600 and 3600?
400
What is the highest common factor of 527568 and 17813?
379
Calculate the highest common divisor of 2197938 and 768.
6
What is the highest common divisor of 195310 and 3410?
10
Calculate the highest common divisor of 51841356 and 742.
14
What is the greatest common factor of 468 and 1491741?
9
What is the greatest common divisor of 16 and 19100884?
4
Calculate the highest common factor of 1413 and 60565419.
1413
What is the highest common divisor of 3 and 281908539?
3
Calculate the highest common factor of 1472 and 41385648.
368
What is the highest common factor of 261 and 26016219